5*a = -5*l - 1903 + 7473. Is l a prime number?
True
Is (6103/85)/(4/60) composite?
True
Let b(j) = -j**3 + 6*j**2 - 6*j + 8. Let i be b(5). Suppose -4*p + 61 = -i*w + 335, 5*w - 434 = p. Is w a prime number?
False
Let x = -1293 + 772. Let j = -286 - x. Suppose -3*n = -3*a - 153, 2*n - 7*n + j = 5*a. Is n composite?
True
Suppose -25*p + 332514 = -203311. Is p a composite number?
False
Is (-2 - 0)/(1 + 357005/(-356995)) a prime number?
True
Suppose 44155 = 4*t - 3*y, 11752 = -4*t + 5*y + 55909. Is t a prime number?
False
Suppose 5*n = 3*n + 412. Suppose l = 4*y + 299, -l = -3*y - 2*y - 301. Suppose d - l = n. Is d composite?
True
Suppose 0 = i - 4*i - 9. Is (22/i + -3)*-3 a prime number?
True
Let q(s) = 15*s**2 - 7*s - 13. Let c(g) = -g**2 + 9*g + 17. Let n be c(10). Is q(n) a composite number?
False
Suppose 4 = 4*i + f, -3*f + 3 - 8 = -5*i. Suppose -i = -s + 5*v, 2*v + 62 - 22 = 4*s. Let k = s - -44. Is k a prime number?
False
Suppose -2*q = 2*r - q + 2, 4*q - 6 = -r. Let h be -3 + (r - -3)*443. Let d = -313 + h. Is d a composite number?
False
Let x(s) = 92 - 5*s - 69 + 12*s**2 - 10*s + 5*s. Is x(7) a prime number?
True
Let m = -25656 - -48077. Is m prime?
False
Let p(w) = -11*w + 6. Let b(t) = t**2 + 21*t - 13. Let z(j) = -4*b(j) - 9*p(j). Let l be z(10). Let i = l + 489. Is i a composite number?
True
Suppose 35885 = 8*g - 8763. Is g prime?
True
Suppose -11*o - 48574 + 395415 = 0. Is o a prime number?
True
Suppose -4*i + 726 = b, -5*b + 2229 + 1433 = 4*i. Suppose 0 = s + 4*s - 10. Suppose -3*a - 1178 = -2*v, 4*a + 444 = s*v - b. Is v a prime number?
False
Suppose 7 = k - 1. Suppose 3*o - 13 = k. Let d(r) = 2*r - 8. Is d(o) prime?
False
Let i(y) = -242*y + 149. Is i(-9) a composite number?
True
Let f = 3993 - -2038. Is f composite?
True
Let o(p) = -p**3 - p**2 + 5*p. Let a be o(-7). Suppose 6*h - a = 5*h. Is h a composite number?
True
Let t(d) = 33*d**2 + 10*d + 24. Suppose 4*z - 2*s - 3*s = -5, 5*s = -15. Is t(z) a prime number?
False
Let c(f) = 5*f**3 + 10*f**2 + 13*f - 267. Is c(28) a composite number?
True
Let t(z) = 18366*z - 1. Is t(2) a composite number?
True
Let z(p) = -p**2 + 2*p - 4. Let u be z(0). Is -7*(u/10 - (-2283)/(-5)) composite?
True
Let m(n) = 9*n**2 + 0 - 11 + 7*n**2 + 2*n. Suppose 8*z = -13 - 27. Is m(z) prime?
True
Suppose 3*u - 3*l = 27 - 3, 0 = 2*l + 6. Let g(a) = 7*a**3 - 6*a**2 - 2*a + 3. Is g(u) prime?
False
Let y = 71 + 87. Let m = -2 + y. Let u = 131 + m. Is u a prime number?
False
Suppose -4*y = -8*y + 3536. Let g = 53 - 48. Suppose -g*w = -w - y. Is w composite?
True
Let t = -35 - -39. Let x = 3 - -2. Suppose -3*i = -x*s + 101, t*i + 26 = s - 1. Is s prime?
True
Suppose 3*k - 373 = -5*b, -4*b - 151 = -k + b. Let l = 342 - k. Is l a prime number?
True
Let w be (-2 - 8)/(0 + -2). Suppose 3*i + w*a = i - 2107, i + 4*a = -1052. Is i/(-5) + (-2)/10 composite?
False
Suppose 5*b = 9*b - 4. Is 1152 + (-1 + 4)*b/(-3) prime?
True
Let r = 17 + -25. Let m = 3 + r. Let v = 12 + m. Is v a prime number?
True
Suppose 73452 = -4*x + 16*x. Is x prime?
True
Let g(h) = 0 - 3*h - 4 + 21*h**2 + 2. Suppose 0 = a + 2 - 1. Is g(a) a prime number?
False
Is ((-2)/(-6) - 6)/((-2)/138) a prime number?
False
Let h(b) = 2*b**2 - 14*b. Let d be h(7). Suppose d = 3*o - 8*o + 8465. Is o a composite number?
False
Let q(f) = f**2 + 5*f - 1. Let b(z) = z - 9. Let v be b(9). Suppose 6 = 3*j - v*j. Is q(j) composite?
False
Let j = -185 - -4296. Is j a prime number?
True
Suppose -o = -9*s + 14*s - 1382902, 1106339 = 4*s - 5*o. Is s a composite number?
False
Is -3 - (216/30)/(-6)*5285 composite?
True
Let k be 1 + (6 - 3 - -9). Suppose -k = 5*x - 33, -2*q - 4*x = -4226. Is q prime?
False
Let q(d) = d**2 + 6*d + 7. Let r be q(-5). Suppose 0 = -0*z - 3*z - 3*t + 291, -r*z + 3*t = -219. Is 3 + z + (-2)/(-2) a prime number?
False
Let y(c) = -2*c**3 - 21*c**2 + 7*c + 3. Is y(-19) composite?
False
Let s = 1180 - -2729. Is s composite?
True
Let o(n) = -3 + 0 - 29*n + 12*n - 17*n. Let i(x) = -x**3 - 4*x**2 + x + 2. Let h be i(-4). Is o(h) a prime number?
False
Suppose 4*p = -5*a + 467982, 0 = 4*p + 2*a + 251620 - 719596. Is p composite?
False
Suppose 129*s = 134*s. Is ((-8220)/(-5))/6 + s composite?
True
Suppose -36 = 4*t - 5*x, 0 = 2*t - 3*t - x. Is 1 - (t/8 + (-2134)/4) a composite number?
True
Let u(f) = -458*f - 27. Is u(-8) a prime number?
True
Suppose 2*f - 3820 = 5*b, 3*f - 5*b + 2*b = 5721. Suppose -14*c - f = -19*c. Is c a prime number?
False
Suppose -252 = -5*b + 1288. Let d = 114 + b. Is d a composite number?
True
Suppose 30*o - 20*o - 11510 = 0. Is o a prime number?
True
Let o = -64 - -51. Let q(y) = 2*y**3 + 32*y**2 - 7*y - 18. Is q(o) composite?
False
Let a(s) = 8*s**2 + 60*s - 341. Is a(6) composite?
False
Suppose m - 3 = -f, 0 = 3*m - 4*m. Suppose -f*z - 5*k + 20307 = 0, 27076 = 4*z - 0*k + 5*k. Is z a composite number?
True
Is (-1 - (-50)/(-3))/((-2)/186) prime?
False
Let g be (10/4 + 2)*2. Let d be -1212*(g/6)/(-3). Let m = d - -151. Is m prime?
True
Let l(s) = -4*s**3 + 15*s**2 - 4*s + 28. Let u be l(10). Is (-3)/7 + u/(-14) a prime number?
True
Let p(q) be the third derivative of -q**5/60 + q**4/24 - 2*q**2. Let a be p(-2). Is (-5)/(-15) - 556/a a prime number?
False
Let z(c) = -2*c + 42. Let j be z(20). Suppose 3*u - j*v - 10329 = -1212, -4*u + v + 12151 = 0. Is u a composite number?
False
Suppose -50 = -h - 133. Let f = h - -14. Is -2*(f/6 - -2) composite?
False
Let i = 3863 + 39450. Is i composite?
False
Let x = 148 + 37. Suppose 3*b - 6*b + 479 = 5*s, b = 2*s - x. Is s + 3/((-1)/(-1)) a composite number?
False
Let y be (-21)/7*10/(-6). Suppose -6*m - y*n + 1762 = -2*m, 5*m + 5*n - 2205 = 0. Is m a composite number?
False
Suppose -17*i = 3932 - 83475. Is i a prime number?
True
Let r(w) = -w + 577. Let z be r(0). Suppose -f + 2*d = -547, -f + 2*f + 4*d - z = 0. Is f prime?
True
Let z(s) = 144*s + 11 - 243*s - 52. Is z(-10) prime?
False
Let z be 4/(-10) + (-11496)/(-15). Let p(u) = 404*u + 31. Let b be p(1). Let w = z - b. Is w composite?
False
Let b(n) = -n**2 - 6*n - 7. Let q be b(-7). Let x be 532/(-8)*120/q. Suppose 2*l - m = 709, 2*l - 4*m - x = 136. Is l prime?
False
Let q(b) = -b**2 + b - 1. Let m(l) = -27*l**2 + 5*l - 6. Let n(i) = -m(i) + 5*q(i). Suppose 0 = -2*r, -5*r - 10 = -5*u - r. Is n(u) a composite number?
False
Suppose 0 = -24*u + 21*u + 2247. Is u composite?
True
Let u be 22/33 - (5/3 + 0). Let r(a) = 51*a**2 - a + 109*a**2 + 0*a. Is r(u) a prime number?
False
Suppose 0 = 5*w - 167 - 8. Suppose -5*l + 5*r - 4*r + w = 0, -10 = -2*r. Let p(t) = 25*t + 11. Is p(l) a composite number?
False
Let v(x) = 30*x - 1. Suppose 6 = 3*f - 0. Let r be v(f). Let y = 96 - r. Is y a composite number?
False
Suppose -4*q - 3*l + 7799 = 0, -14*q + 5*l + 9740 = -9*q. Is q a prime number?
True
Suppose 7*k - 4*k - 12795 = 0. Is k a prime number?
False
Let f = 256 - 89. Suppose v = 2*v - f. Is v composite?
False
Suppose -3 = x - 7, 1748 = 4*a + 4*x. Let r = -182 + a. Is r prime?
True
Is 1/1 + (-2 - -7770) a prime number?
False
Suppose 0 = -8*t + 5*t - 9. Let f(y) = 2*y**2 + 13. Is f(t) composite?
False
Suppose 5*n + 15765 = -33*d + 38*d, -4*d - 2*n + 12624 = 0. Is d a prime number?
False
Suppose 0*r - 12 = -4*r - 2*x, 3*r - 3*x - 27 = 0. Suppose 0 = 3*n - 3, 3*n + r = -4*q. Is 2 + (-1 - q) - -16 composite?
False
Let i be 4*(0 + (-39)/(-6)). Suppose -i = -4*s + 26. Let t(v) = -v**2 + 22*v + 4. Is t(s) a composite number?
True
Suppose 0 = 4*t - 7*t + 12. Suppose -z - t*w + 2*w + 255 = 0, 4*z - 1070 = 2*w. Is z composite?
True
Suppose h + 55*w = 54*w + 4123, h + 2*w - 4119 = 0. Is h composite?
False
Suppose 2*v = z - 2273, -2*z + 8*v - 5*v = -4544. Is z prime?
True
Let l be (-8244)/(-21)*(2 - 681/(-6)). Suppose -12*u - 15810 + l = 0. Is u a prime number?
False
Let j = -43248 - -89727. Is j a prime number?
False
Let a(j) = -1923*j - 6. Is a(-5) composite?
True
Let t = -59 + 66. Suppose 0 = -2*r - 3*k + 125, 2*k + 135 = 2*r + t*k. Is r a prime number?
False
Let q = 118417 - 52190. Is q composite?
True
Suppose -3*w - 38 = -8. Is 9124/10 - 6/w a composite number?
True
Let p(b) = 2*b**3 + b**2 - 4*b + 15. Let u(k) = -4*k - 8*k**2 + 9*k**2 + 3*k + 15 + 3*k**3 - 4*k. Let m(a) = 4*p(a) - 3*u(a). Is m(0) a composite number?
True
Let a = 272 + 19. Is a prim